82*u + 231283. Determine p(-40).
3
Let q(p) = -3*p**2 + 1945*p + 84059. What is q(689)?
1
Let u(j) = -254865*j - 1019458. Calculate u(-4).
2
Let i(o) = -199672*o + 6. Give i(0).
6
Let y(z) = -z**2 - 335*z - 26177. Calculate y(-125).
73
Let x(v) = -8*v**2 - 2186*v - 31624. Determine x(-258).
-148
Let d(j) = -6*j**2 + 1194*j - 3559. What is d(3)?
-31
Let i(j) = j**2 - 224*j + 4274. Give i(203).
11
Let f(z) = 33*z**2 - 24*z + 38. Calculate f(-4).
662
Let a(v) = v**3 + 8*v**2 + 166*v + 465. Give a(-3).
12
Let z(s) = s**2 + 250*s + 3096. Determine z(-13).
15
Let q(f) = f**3 + 11*f**2 - 78*f - 194. What is q(7)?
142
Let l(v) = v**2 - 40*v + 119. Give l(70).
2219
Let a(p) = -307*p**3 + 4894*p**2 + 292*p - 49. Calculate a(16).
15
Let r(m) = -1502601*m - 24041622. Determine r(-16).
-6
Let c(g) = -3*g**3 - 27*g**2 + 321*g + 3493. Calculate c(-11).
688
Let b(i) = 10*i**2 - 1185*i + 518. Give b(122).
4788
Let c(f) = -2*f**2 - 269*f - 707. What is c(-132)?
-47
Let z(g) = -269*g**2 + 2858*g - 2588. Give z(1).
1
Let g(y) = y**3 + 16*y**2 - 28*y - 46. Determine g(-13).
825
Let n(c) = 49570*c + 2329798. What is n(-47)?
8
Let i(m) = -25*m**3 + 10*m**2 + 14*m - 67. What is i(2)?
-199
Let x(j) = j**3 + 1449*j**2 - 103163*j + 459. Determine x(68).
-17
Let a(h) = -18063*h - 198703. What is a(-11)?
-10
Let a(v) = -v**3 + 635*v**2 - 89893*v + 2956. Determine a(422).
2
Let n(s) = -s**2 - 11780*s - 270401. Calculate n(-23).
10
Let j(q) = 181*q + 45950. Determine j(-254).
-24
Let d(k) = -k**2 - 15543*k + 6034412. Calculate d(379).
-26
Let r(u) = 322*u + 3337. What is r(-12)?
-527
Let p(d) = 7*d**3 + 1134*d**2 - 55*d - 8901. What is p(-162)?
9
Let s(a) = -3*a**2 - 94*a + 652. Give s(-38).
-108
Let z(t) = 178*t**2 + 3906*t - 220. Give z(-22).
0
Let z(k) = 66*k**2 - 409*k + 8. Give z(0).
8
Let a(c) = -5*c**3 + 578*c**2 + 2022*c + 111. Calculate a(119).
-8
Let j(y) = y**3 + 45*y**2 - 56*y - 7. What is j(-46)?
453
Let x(f) = -55717*f - 724243. Give x(-13).
78
Let k(i) = -i**3 + 30*i**2 + 2*i + 92. Give k(30).
152
Let r(n) = n**3 - 39*n**2 + 477*n - 768. What is r(25)?
2407
Let c(j) = -593*j - 68762. Determine c(-116).
26
Let g(z) = -198293*z - 396583. Give g(-2).
3
Let r(n) = 1221423*n + 7328540. Give r(-6).
2
Let b(j) = 9*j**3 - 6*j**2 - 164*j - 454. What is b(-3)?
-259
Let m(p) = -p**3 + 558*p**2 + 9194*p - 5796. What is m(574)?
-56
Let y(a) = 479646*a - 1918570. Give y(4).
14
Let y(v) = -v**3 + 242*v**2 - 10170*v + 343. What is y(54)?
-629
Let s(q) = -2*q**3 - 11*q**2 - 338*q - 1231. What is s(-4)?
73
Let x(p) = 20007*p + 2320808. What is x(-116)?
-4
Let l(x) = 2*x**3 + 27*x**2 - 223*x - 273. What is l(-19)?
-7
Let f(r) = r**3 - 43*r**2 - 209*r + 5435. Give f(10).
45
Let g(q) = 22*q**2 - 445*q + 1924. Calculate g(14).
6
Let b(x) = -2082*x - 509989. Give b(-245).
101
Let i(r) = -11*r**2 - 231*r + 681. What is i(3)?
-111
Let a(l) = -33*l**2 + 3456*l + 17456. What is a(-5)?
-649
Let j(h) = -78*h**3 - 752*h**2 + 7321*h - 5. Give j(6).
1
Let n(x) = -3*x**3 - 54*x**2 - 15*x + 72. Determine n(-15).
-1728
Let r(a) = a**3 - 1302*a**2 - 78856*a + 1403. Give r(-58).
11
Let a(w) = 1220*w**2 + 3606*w - 163. Determine a(-3).
-1
Let l(x) = -6091*x + 243659. Give l(40).
19
Let y(o) = -o**2 - 625*o + 17982. Determine y(26).
1056
Let d(p) = -6756*p - 189164. Calculate d(-28).
4
Let c(t) = -1225*t + 9420. Determine c(8).
-380
Let p(t) = -28392*t + 85157. Calculate p(3).
-19
Let f(h) = 2*h**2 + 1667*h + 4997. Calculate f(-3).
14
Let l(t) = -6*t**2 - 77*t + 806. Calculate l(27).
-5647
Let s(g) = g**3 + 13*g**2 + 38688*g + 464111. Determine s(-12).
-1
Let o(v) = v**3 - 50*v**2 - 544*v + 20409. Determine o(53).
4
Let s(m) = -2331*m + 65231. Determine s(28).
-37
Let y(s) = 2*s**3 + 440*s**2 - 885*s + 989. What is y(-222)?
323
Let j(u) = u**3 + 47*u**2 + 34*u + 6485. Calculate j(-49).
17
Let z(m) = -3*m**3 + m**2 + 162*m + 219. Give z(-6).
-69
Let t(v) = 12454*v - 1008731. What is t(81)?
43
Let h(p) = -62761*p - 3451835. Determine h(-55).
20
Let b(u) = u**3 + 11*u**2 - 63401*u - 697337. What is b(-11)?
74
Let c(j) = -5*j**3 + 1391*j**2 - 300*j + 6213. What is c(278)?
97
Let q(i) = -289*i - 35667. Determine q(-123).
-120
Let v(h) = -13044*h + 65203. Give v(5).
-17
Let i(s) = 60*s**3 - 4*s**2 + 106*s + 108. What is i(-1)?
-62
Let x(f) = 14*f**2 + 1333*f + 9768. What is x(-8)?
0
Let v(n) = 173142*n + 692570. Give v(-4).
2
Let p(c) = -3783*c**2 + 45358*c - 7. Determine p(12).
-463
Let k(u) = u**3 - 98*u**2 - 2657*u + 2897. Give k(-23).
-1
Let l(j) = -37*j**3 - 4*j**2 - 29*j + 27. Determine l(1).
-43
Let b(c) = 4*c**3 + 24*c**2 + 5686*c + 34091. Give b(-6).
-25
Let f(b) = -249*b**3 - 5*b**2 + 83*b - 82. Determine f(1).
-253
Let m(u) = 2*u**3 - 531*u**2 + 3680*u - 12. Determine m(7).
415
Let k(p) = 2*p**3 + 1394*p**2 - 21364*p - 2869. What is k(-712)?
-21
Let o(q) = q**3 - q**2 - 848*q + 43. Determine o(28).
-2533
Let p(d) = d**3 - 82*d**2 + 1389*d + 90. Calculate p(24).
18
Let o(w) = -15*w**2 + 629*w + 99. Determine o(40).
1259
Let y(u) = -58*u - 10. Determine y(37).
-2156
Let r(t) = -41*t**2 - 6784*t + 6838. Give r(1).
13
Let w(u) = 3106*u - 12761. Calculate w(4).
-337
Let a(x) = x**2 - 316*x + 25081. What is a(167)?
198
Let h(n) = -2*n**2 - 660*n + 44368. What is h(57)?
250
Let o(d) = -12*d**2 + 172*d + 857. Give o(16).
537
Let k(x) = 818*x - 11349. Give k(13).
-715
Let j(k) = 30*k**3 + 18*k**2 - 21*k - 30. Calculate j(-4).
-1578
Let m(w) = -2*w**2 - 7846*w - 133549. Determine m(-17).
-745
Let n(i) = -95*i + 1658. What is n(8)?
898
Let c(w) = -525*w**2 - 93*w + 172. Calculate c(2).
-2114
Let n(i) = 117*i - 28819. Give n(250).
431
Let a(p) = 65481*p + 5173004. What is a(-79)?
5
Let g(k) = -289*k - 30194. What is g(-99)?
-1583
Let j(t) = 470*t - 15445. What is j(33)?
65
Let j(x) = 786167*x + 150944067. Give j(-192).
3
Let y(o) = -2*o**2 - 1110*o - 153208. Determine y(-258).
44
Let n(o) = 42*o**2 - 2998*o + 14932. What is n(66)?
16
Let x(d) = -3*d**2 - 2949*d + 54053. Calculate x(18).
-1
Let d(i) = -22460*i + 112371. Determine d(5).
71
Let q(o) = o**2 - 177*o - 3287. Determine q(-17).
11
Let r(a) = -111592*a - 15622878. Determine r(-140).
2
Let c(i) = -28*i**2 + 12806*i - 92679. Calculate c(450).
21
Let t(n) = -2029*n + 1999. What is t(1)?
-30
Let c(n) = -2*n**3 + 1371*n**2 + 4817*n + 4139. What is c(689)?
5
Let v(o) = -74*o**2 + 351*o + 107. Calculate v(5).
12
Let v(q) = -337*q + 3231. Determine v(10).
-139
Let n(r) = 14380*r + 330730. Give n(-23).
-10
Let m(j) = -8*j**2 + 7*j + 184. Give m(-21).
-3491
Let m(z) = 3*z**3 + 33*z**2 + 91*z + 249. Calculate m(-5).
244
Let k(g) = 110*g - 18699. What is k(169)?
-109
Let r(x) = 4*x**3 - 314*x**2 + 149*x + 710. Determine r(78).
164
Let d(l) = -5*l**2 - 14202*l - 393726. Calculate d(-28).
10
Let v(q) = q**3 + 71*q**2 - 389*q - 672. Calculate v(-76).
12
Let z(i) = -2114*i + 598220. Give z(283).
-42
Let s(k) = 47*k**2 + 775*k - 25. What is s(-19)?
2217
Let r(q) = 3*q**2 - 2063*q + 38114. Calculate r(19).
0
Let s(y) = -440*y + 12085. Give s(29).
-675
Let t(p) = 6*p**2 - 710*p - 57216. What is t(-55)?
-16
Let s(h) = 1316*h**2 - 683*h - 675. Determine s(-1).
1324
Let q(o) = 2*o**3 - 31*o**2 - 46*o + 174. Determine q(17).
259
Let k(a) = 5*a**2 + 861*a + 326. Give k(-171).
-700
Let a(j) = -j**3 - 31*j**2 - 215*j - 95. What is a(-9)?
58
Let k(w) = w**3 - 523*w**2 - 5870*w + 84. Determine k(-11).
40
Let j(x) = -x**3 + 187*x**2 + 3942*x - 70. Calculate j(-19).
-602
Let t(w) = 3*w**3 - w**2 - 21255*w + 42504. Calculate t(2).
14
Let p(k) = -k**2 - 2010*k + 113564. What is p(55)?
-11
Let g(i) = 5*i**3 + 173*i**2 + 1982*i + 71820. Give g(-35).
0
Let f(o) = -1933*o - 22755. What is f(-11)?
-1492
Let b(l) = -25115*l - 301462. What is b(-12)?
-82
Let h(s) = 7*s**2 - 951*s - 6111. Give h(142).
-5
Let l(u) = 294*u - 4653. Calculate l(17).
345
Let d(g) = g**3 + 7561*g**2 - 106043*g - 93. What is d(14)?
5
Let u(o) = -3688*o + 730228. Calculate u(198).
4
Let n(x) = x**3 - 246*x**2 - 9527*x + 1966. Determine n(280).
6
Let f(z) = -389*z - 19412. Calculate f(-50).
38
Let i(h) = h**3 + 35*h**2 + 43*h - 93. Give i(-33).
666
Let l(v) = 4994*v**2 - 299639*v - 65. Determine l(60).
-5
Let g(z) = 109712*z - 109743. What is g(1)?
-31
Let i(r) = -6*r**3 - 2*r**2 - 81*r - 412. Calculate i(